
Let g(v) = -v**2 + 12*v. Let s be g(12). Is 82*4 + s + 3 + -2 a prime number?
False
Suppose -519 = -i + 335. Is (i/(-4))/((-27)/54) composite?
True
Suppose -5*m - 5*g = 2476 - 351, -5*m = -3*g + 2117. Let n = m - -833. Is n composite?
False
Let y be 12/(-8) + (-9)/6. Is (-4 + -6034)/(1 + y) a prime number?
True
Let x be 3 - (4 - (-1 - -2)). Suppose 0 = 8*d - x*d - 8696. Is d prime?
True
Let h(c) = c + 1. Let x(z) = -z**2 - 16*z + 2. Let u(m) = 5*h(m) + x(m). Let r be u(-5). Let p = r - -60. Is p composite?
False
Suppose 6*u + 3944 - 35762 = 0. Is u a composite number?
False
Let g = 2066 - -467. Is g composite?
True
Let x(a) = -20*a**2 - 7*a + 8. Let z be x(6). Let o = 1311 + z. Is o composite?
False
Suppose -m = 2*m - 1911. Suppose -5*b = -12*b + m. Is b composite?
True
Let z = 1575 - -5494. Is z a composite number?
False
Suppose 0*b - 1043705 = -13*b. Is b composite?
True
Let z(j) be the first derivative of 1/4*j**4 + 9*j - 1 + 7/2*j**2 - 5/3*j**3. Is z(8) a composite number?
False
Suppose z + 23*z = 44664. Is z a composite number?
False
Suppose 13*w = 8502 + 6383. Is w composite?
True
Suppose 4*r - 40 = 4*u, r - u = -4*r + 42. Let t be 1/(-4) + 2/r. Is (295 - 2) + t/4 a prime number?
True
Let s(k) = -9*k**2 - 11. Let r be s(-6). Is (0 + 21/(-15))*r a prime number?
False
Suppose -3*j + 15468 = 4*f, -4*f - j + 7736 = -2*f. Is 20/130 - f/(-26) a composite number?
False
Let t(d) be the second derivative of -d**5/20 + 2*d**4/3 + d**3/6 - 3*d**2/2 + 29*d. Suppose -3*y + 30 = 2*y + 5*g, y - 2*g = 0. Is t(y) prime?
False
Let w = -36 - -17. Let g = -16 - w. Suppose -g*x - 33 = -4*x. Is x a prime number?
False
Suppose 14*u - 6135 = 9*u. Let b be 0 - 1*u/3. Let s = -248 - b. Is s a composite number?
True
Is 0 - (38/57)/((-2)/5277) prime?
True
Suppose 3*m = h + 23284, 0*m + 2*m + h - 15531 = 0. Is m prime?
False
Let g be (-1 - -18) + 15 + -14. Let m(k) = g + 10*k**2 + 14*k**2 - 17 - 2*k. Is m(3) composite?
False
Suppose 4*j = 5*s + 46, 3*j + 9*s - 52 = 4*s. Suppose 0 = i - d - 5, -d = -4*i - 3 + j. Let z(m) = m**3 + 2*m**2 - m + 1. Is z(i) composite?
True
Let r = 1006 - -55. Is r a composite number?
False
Let z be 2/8 - (-8642)/(-8). Let x = z + 1865. Is x a prime number?
False
Let z(a) = -a - 2. Let g be z(6). Let s = g + 9. Is s*(-3)/3*-53 a prime number?
True
Let d be (9 + -12 + -2)*-13. Let h(t) = 3*t**2 + 4*t + 8. Let r be h(-6). Let s = d + r. Is s a composite number?
False
Let n(y) = 6*y**2 - 6*y + 43. Is n(31) prime?
True
Suppose -4*c - 18 = -50. Let t be (1/2)/((-1)/c). Let k = 33 - t. Is k a prime number?
True
Let j(g) = 106*g**3 + 2*g**2 - 1. Suppose 5 + 4 = -3*b - 4*i, -2*b - 2*i = 4. Let u be j(b). Let w = u - 38. Is w prime?
False
Is (-3)/(-10) + 1589068/40 a prime number?
True
Let r be (-2)/17 - (-6)/51. Suppose 0 = -4*y - y + 4*a + 2453, r = 3*y + 2*a - 1485. Is y composite?
True
Let q(s) = -3*s**3 + 10*s**2 - 11*s + 77. Is q(-13) a prime number?
True
Let k = 65689 + -22960. Is k a composite number?
True
Let w(b) = -34*b**2 + 7*b - 12. Let m be w(2). Let x = m - -265. Is x prime?
True
Suppose -5*c - 1313 + 20418 = 0. Is c prime?
True
Suppose -43 = 2*d - 3*d. Suppose 5*l + d = 2*u + 15, 0 = 4*u + 4. Let a = 9 - l. Is a a prime number?
False
Suppose 2*z + 4 = 4*z. Let j = 0 + z. Suppose j*g = -25 + 243. Is g a prime number?
True
Suppose 0 = -16*k - 4723 + 56675. Is k composite?
True
Suppose -4*l + 4 + 24 = 0. Let c = l + -5. Suppose -c*j + 18 = -20. Is j composite?
False
Let o be (2/(-2) - -1)/(-1). Suppose 2*t + 3*k + 1564 = 4*t, o = 2*k - 4. Is t prime?
False
Let x = 15 + -14. Let p(u) = -26*u - x + 0 - 53*u - 3. Is p(-3) prime?
True
Let m = 74 - 51. Let d = -20 + m. Suppose -d*b + 204 = -0*u + u, 3 = -u. Is b a composite number?
True
Suppose 2*w + 10 = 0, -3*d + w + 5067 + 5096 = 0. Is d a prime number?
False
Let x = -538 + 6299. Is x a prime number?
False
Let p = 54 - 34. Let l be (p/6)/(-5)*-6. Is l + -1 - (-215 + 1) composite?
True
Let j(a) = 1 + a**3 + 5*a + 10*a**2 + 0 - 2. Is j(-8) composite?
True
Suppose 0 = -8*v - 39 - 41. Let f = v - -5. Is (-1257)/f - 8/20 prime?
True
Let l(k) = -k**2 - 17*k + 5. Let s be l(-17). Suppose -4*j - 379 = -s*j. Is j prime?
True
Suppose 2*w = -w + 21. Suppose 2*d + 5*a = 4*d + w, -3*d - 5*a + 27 = 0. Is ((-46)/(-4))/(d/40) prime?
False
Let c be (-8)/(-44) + 222/(-11). Let g be ((-1)/5)/(4/c). Is 19/(-4)*(-5 + g) composite?
False
Let c be (6/(-5))/((-30)/15075). Suppose 2342 = 5*a - c. Is a prime?
False
Let w(a) = 22*a**2 - 14*a + 19. Let c(h) = 65*h**2 - 41*h + 56. Let u(v) = 6*c(v) - 17*w(v). Is u(6) a prime number?
True
Suppose -4*j + 17 = -c, 4*c - c = 2*j - 21. Suppose 4*q + 0 = -4, 1179 = -3*t + j*q. Let r = t - -2339. Is r a composite number?
True
Suppose 14 = 151*v - 150*v. Suppose v*y - 16322 = 3516. Is y a prime number?
False
Let n(x) = -1 + 7 - 5 + x**3 + 14*x**2 - 15*x + 3. Let o be n(-15). Suppose -o*p + 52 = 2*g, p = g + 5*p - 18. Is g a prime number?
False
Let v be (-1)/(-2)*(10 + 4). Suppose v*z + 492 = 5273. Is z a composite number?
False
Suppose 6*w - 8*w + 6 = 0. Suppose -f + w = -0, f - 220 = -x. Is x composite?
True
Suppose 84*w - 26*w - 5912578 = 0. Is w composite?
True
Let c = 503 - -57. Let w = -243 + c. Is w a composite number?
False
Let d = 5806 + -2669. Let r = -1776 + d. Is r composite?
False
Let p be -1*((-3)/(-15) - (-84)/(-20)). Suppose 0 = 4*q + 3*o - 584, -q + p*o + 135 = 2*o. Is q a prime number?
False
Suppose 0*x = 4*x - 560. Let p = 303 - x. Is p a composite number?
False
Suppose h = 6*h - 3390. Is -1 + h - 8/2 a composite number?
False
Suppose -3*k - 4*z + 1180 = 0, -3*z = k - 0*z - 400. Let u = -302 + 41. Let i = k + u. Is i a composite number?
False
Suppose 6*g + 51 = -117. Let i(x) = -x**3 - 25*x**2 - 15*x + 5. Is i(g) composite?
False
Let l be ((-4)/22 + 7985/55)*1. Let u = l - 62. Is u prime?
True
Let i(u) = -u**3 - u**2 - 2*u - 5. Let t be i(-2). Suppose 1105 = 3*g + 2*g + t*p, 884 = 4*g - 4*p. Is g prime?
False
Is 16707*(-12)/(-90) + 6/(-10) composite?
True
Let x be ((-8)/(-2))/((-8)/(-460)). Suppose 5*n + x = 1540. Let z = n + -85. Is z composite?
True
Let b = -2369 + 3455. Suppose -7*d + b = -1805. Is d a prime number?
False
Let h = -13 + 18. Let r be 108/h - 12/(-30). Is (-3 - -7)/4*r a prime number?
False
Suppose 69*v - 1470276 = 33*v. Is v composite?
False
Let g(o) = 4*o**2 + 16*o - 22. Is g(-14) prime?
False
Suppose -4*b - 3*y + 93905 = 0, -10065 = b + 2*y - 33540. Is b composite?
True
Let w(p) = -132*p**3 + 2*p**2 - 19*p - 47. Is w(-4) prime?
False
Let w(k) = k**2 + 9*k + 5. Let c be w(-9). Let h(r) = 5*r**2 - 7*r - 1. Is h(c) prime?
True
Suppose -20475 = -u - 2*x, 5*x + 983 + 60420 = 3*u. Is u a composite number?
True
Is ((-2469)/(-6))/(6/156) prime?
False
Let s(x) = 2*x**3 + 3*x**2 - 5*x + 2. Let r be s(4). Suppose -2353 = -6*b + 125. Let n = b + r. Is n composite?
False
Suppose 0 = 7*g - 8*g - 313. Let l = g - -726. Is l a prime number?
False
Let j(b) = -b**3 + b**2 - 11*b - 6. Let k be j(-7). Let q(p) = -91*p + 17. Let f be q(-7). Let v = f - k. Is v prime?
True
Suppose 7*u - 45152 - 199337 = 0. Is u composite?
True
Let y(k) = 76*k**2 + 11*k + 13. Is y(10) prime?
True
Let x(q) be the first derivative of -25/4*q**4 + 1/3*q**3 - 3*q - 2*q**2 + 8. Is x(-2) prime?
False
Let n(k) = 502*k - 19. Is n(12) a prime number?
False
Let f(j) = j**2 + 4*j - 185. Is f(18) prime?
True
Let n(o) = -60*o + 1. Let l be n(1). Let m = l + 129. Suppose m + 35 = 3*y. Is y a composite number?
True
Let c = 227 + -4. Let p(y) = -14*y**3 + 3*y**2 - y. Let h be p(-3). Let i = h - c. Is i a composite number?
True
Let j(i) = 2*i**3 - 2*i**2 + 7*i - 33. Is j(10) a prime number?
False
Suppose -5*q + 30 = 5. Is q/(15/2) + (-11325)/(-9) composite?
False
Suppose -4*k - 2*o + 1352 = -1462, 4*o = -4*k + 2824. Is k composite?
False
Let v = -5651 + 9298. Is v a prime number?
False
Suppose 2605 = -3*g - 5*k + 21472, -3*k = 0. Is g prime?
False
Suppose 13*j - 104 + 0 = 0. Suppose 52 + 700 = j*v. Is v a composite number?
True
Let f = 390 + -396. Let x(i) = -13*i**2 + 6*i + 1. Let t(k) = -6*k**2 + 3*k. Let c(r) = 5*t(r) - 3*x(r). Is c(f) a prime number?
False
Let g be 60/4*5/15. Suppose -g*m + 3*d + 2009 = -1238, m = 2*d + 655. Is m a prime number?
True
Suppose 0 = 7*i - 2*i. Suppose 